4169563 prime?
True
Is 6767209 composite?
True
Is 57776221 a prime number?
True
Is 417667273 composite?
False
Is 9160973 composite?
False
Is 91866259 a composite number?
False
Is 9688853 composite?
True
Is 7431082 a composite number?
True
Is 66421601 a prime number?
False
Is 4496099 prime?
True
Is 25656671 a composite number?
False
Is 57117611 composite?
False
Is 62005331 a composite number?
False
Is 292513997 composite?
False
Is 2394731 prime?
True
Is 31238477 composite?
False
Is 471562723 a prime number?
True
Is 232413 composite?
True
Is 97182269 composite?
True
Is 19479623 a prime number?
True
Is 87968389 a composite number?
True
Is 993989 prime?
False
Is 35298671 prime?
True
Is 17649817 composite?
False
Is 56385761 composite?
False
Is 2646353 composite?
False
Is 9290167 prime?
True
Is 1574849953 a composite number?
False
Is 37877051 a prime number?
False
Is 10276153 composite?
False
Is 2168383 a composite number?
True
Is 36663899 a composite number?
False
Is 9846043 composite?
True
Is 21288671 composite?
False
Is 988089667 composite?
False
Is 875233 prime?
True
Is 260747 prime?
True
Is 147723383 prime?
True
Is 19265239 a composite number?
True
Is 28727 composite?
True
Is 327167291 prime?
False
Is 81279641 a composite number?
False
Is 3662751 a prime number?
False
Is 68893907 a composite number?
False
Is 425359937 composite?
True
Is 30497459 composite?
True
Is 6016655 a prime number?
False
Is 71041531 a composite number?
True
Is 5409685 composite?
True
Is 67182979 a composite number?
False
Is 5851165 a prime number?
False
Is 2347031 composite?
False
Is 1985237 a prime number?
True
Is 51650471 a composite number?
True
Is 680057 composite?
True
Is 1222451 a composite number?
True
Is 52111097 prime?
True
Is 155627159 prime?
True
Is 17002679 a prime number?
False
Is 88289 a composite number?
False
Is 14635537 a composite number?
True
Is 66217 composite?
True
Is 46227953 a prime number?
False
Is 313561 composite?
False
Is 5430071 a prime number?
True
Is 45506573 composite?
True
Is 1731767 composite?
False
Is 474997 prime?
False
Is 1933049 a prime number?
True
Is 4445491 prime?
True
Is 4018489 composite?
False
Is 13653973 a prime number?
False
Is 45225641 composite?
False
Is 592828969 a prime number?
True
Is 85996661 a composite number?
True
Is 6156889 prime?
False
Is 38660507 a composite number?
False
Is 29012153 composite?
True
Is 15930469 a prime number?
True
Is 1529623 composite?
True
Is 23742247 a composite number?
False
Is 75037 composite?
False
Is 50463187 a composite number?
True
Is 17878207 a prime number?
True
Is 55139537 a composite number?
False
Is 23445467 a composite number?
False
Is 46501597 a composite number?
True
Is 178881667 a composite number?
True
Is 2003917 a composite number?
False
Is 6866969 prime?
True
Is 103382947 composite?
False
Is 241771 composite?
False
Is 1795307 composite?
False
Is 19430467 a prime number?
False
Is 341681 a composite number?
False
Is 4817339 a composite number?
False
Is 417863 composite?
False
Is 6960721 composite?
True
Is 44574641 composite?
False
Is 8387363 prime?
False
Is 76283521 a prime number?
False
Is 216233569 composite?
False
Is 71761174 prime?
False
Is 49692355 a composite number?
True
Is 34850117 prime?
False
Is 382191815 prime?
False
Is 3997111 a composite number?
False
Is 89628397 a composite number?
False
Is 63004561 composite?
False
Is 109314473 composite?
False
Is 60252853 a composite number?
True
Is 160552417 prime?
False
Is 8299001 prime?
True
Is 885619 composite?
True
Is 1483841 a prime number?
False
Is 16435733 composite?
True
Is 2721847 a prime number?
False
Is 3794143 a prime number?
False
Is 6740351 a composite number?
False
Is 245414107 prime?
False
Is 57124291 composite?
True
Is 120433289 a prime number?
False
Is 36563613 a composite number?
True
Is 63901 a prime number?
True
Is 1318157 composite?
False
Is 18845419 a composite number?
False
Is 49972763 a prime number?
True
Is 5304359 a prime number?
True
Is 634367 prime?
True
Is 8516773 a composite number?
False
Is 29677853 a prime number?
False
Is 2292137 a composite number?
True
Is 4011179 prime?
False
Is 1572491 prime?
False
Is 10530887 prime?
True
Is 33779161 a prime number?
False
Is 185286133 composite?
True
Is 4979597 a prime number?
False
Is 4713781 prime?
False
Is 105052901 a composite number?
False
Is 2361529 a prime number?
False
Is 2911121 a composite number?
True
Is 19808959 prime?
True
Is 385883209 a composite number?
False
Is 18006739 a prime number?
True
Is 3813043 composite?
True
Is 1495834 a composite number?
True
Is 257251955 prime?
False
Is 23205107 a prime number?
True
Is 18054053 prime?
False
Is 31195265 composite?
True
Is 263587009 prime?
False
Is 3628447 prime?
False
Is 111734221 prime?
False
Is 765157 a prime number?
False
Is 380595931 composite?
False
Is 3902359 prime?
False
Is 15351241 a prime number?
False
Is 1936067 a composite number?
True
Is 26349629 prime?
True
Is 8295541 composite?
True
Is 54080827 composite?
False
Is 44863397 a prime number?
True
Is 14823563 a prime number?
False
Is 150391243 prime?
False
Is 11571991 prime?
False
Is 36625951 a prime number?
True
Is 1263466 a prime number?
False
Is 1192753 prime?
True
Is 92633 a composite number?
True
Is 11110249 a prime number?
False
Is 462450607 composite?
True
Is 313440709 prime?
True
Is 295577 prime?
False
Is 18052339 composite?
False
Is 326003 a composite number?
True
Is 777313039 composite?
False
Is 77254879 a prime number?
False
Is 5215613 a composite number?
True
Is 26594 a prime number?
False
Is 1687927 a prime number?
False
Is 35681213 composite?
False
Is 50446151 a composite number?
True
Is 195180373 a prime number?
True
Is 10662999 prime?
False
Is 9084797 a composite number?
True
Is 11170697 prime?
True
Is 224247299 a prime number?
True
Is 1598257 prime?
True
Is 5389619 composite?
False
Is 28789783 a prime number?
False
Is 21384611 a composite number?
True
Is 221771 a composite number?
True
Is 24172471 a prime number?
False
Is 270619 a prime number?
True
Is 3589939 a composite number?
True
Is 1261069 a prime number?
True
Is 100097651 prime?
True
Is 1534571 a prime number?
False
Is 9303997 composite?
True
Is 1112893 a composite number?
True
Is 3794419 composite?
False
Is 3436697 a prime number?
False
Is 28292371 a prime number?
False
Is 5102759 composite?
False
Is 2472943 prime?
False
Is 2227321 prime?
True
Is 5615909 a composite number?
True
Is 53101571 composite?
True
Is 196770017 a composite number?
True
Is 2225507 composite?
True
Is 8747353 prime?
False
Is 6867437 a prime number?
True
Is 39203126 composite?
True
Is 300263687 composite?
True
Is 20580463 composite?
False
Is 938017 composite?
False
Is 278225081 a composite number?
True
Is 63328483 a prime number?
True
Is 40875193 prime?
True
Is 4665719 prime?
True
Is 3357937 composite?
True
Is 12274961 composite?
False
Is 108343 a prime number?
True
Is 6505267 a composite number?
False
Is 60109019 prime?
True
Is 42664333 a prime number?
False
Is 107628835 composite?
True
Is 4991435 a composite number?
True
Is 194263 a composite number?
False
Is 394556249 a prime number?
True
Is 115822667 prime?
True
Is 426161 a prime number?
True
Is 12049607 a composite number?
True
Is 16719223 a prime number?
True
Is 4096706 a composite number?
True
Is 5369053 a prime number?
True
Is 4785927 a prime number?
False
Is 52319869 prime?
False
Is 6259063 a prime number?
True
Is 129075259 a composite number?
True
Is 849301 a composite number?
False
Is 13914659 a composite number?
True
Is 330091409 composite?
False
Is 580529 a prime number?
True
Is 153545659 a composite number?
False
Is 138192277 a prime number?
False
Is 21336017 a prime number?
True
Is 57119291 a prime number?
False
Is 45311159 a composite number?
False
Is 70289 composite?
False
Is 9249931 a prime number?
False
Is 53226601 composite?
False
Is 7393597 composite?
True
Is 146893679 a prime number?
False
Is 268972901 a composite number?
False
Is 12915311 composite?
False
Is 6787459 a composite number?
True
Is 3836431 composite?
False
Is 65806441 a composite number?
True
Is 19940911 a composite number?
False
Is 217385951 composite?
True
Is 684692209 a prime number?
False
Is 7160117 composite?
True
Is 27132143 prime?
False
Is 4019933 a c